+ 75743. What is the ten thousands digit of s?
1
Let n = 190 + -94. Suppose 3*q + 18 = n. Suppose -v + q = -29. What is the units digit of v?
5
Suppose -2*m = -4*s + 412, 2*s = 5*m + 280 + 726. Let r = m + 597. What is the tens digit of r?
9
Let r(f) = f + 6. Let i be r(-3). Let t be 1/(9/(-3)*(-1)/(-3)). What is the tens digit of i + -7 - 36/t?
3
Let b = 325 - 323. Suppose 0 = -6*m + m + 5*h + 2430, b*h = 3*m - 1462. What is the hundreds digit of m?
4
Suppose 2*i - 1583 - 239 = 0. Let k = -526 + i. What is the hundreds digit of k?
3
Suppose -6*p = -11*p + 20. Suppose 0 = -2*r - 2*s - s + 252, p*s - 256 = -2*r. Suppose -4 - r = -2*f. What is the tens digit of f?
6
Let k = -31775 - -53458. What is the tens digit of k?
8
Let r = 1079 + -80. Let z = 2187 - r. What is the units digit of z?
8
Let y(u) = -669*u + 1408. What is the thousands digit of y(-22)?
6
Let f(w) be the second derivative of w**3/3 + 35*w**2 - 16*w. Let h be f(0). Suppose -h = b - 196. What is the tens digit of b?
2
Let z = 14509 - 9104. What is the hundreds digit of z?
4
Let v = -32089 + 52859. What is the ten thousands digit of v?
2
Let d be (7 - (-4 + 12))/((-1)/(-5)). What is the hundreds digit of (-5603)/d + 14/35?
1
Suppose -5*v - 4*h + 230176 = 0, 65*v = 63*v - h + 92068. What is the tens digit of v?
3
Let c = 5217 - 4839. What is the hundreds digit of c?
3
Let y = -96 - -100. Suppose -y*z + 433 + 467 = 0. What is the tens digit of z?
2
Let l(p) = 18*p - 145. Suppose 3*d - q - 74 = 0, 9*d - 13*d = 5*q - 86. What is the units digit of l(d)?
7
Let k(q) = -2*q**3 - 9*q**2 - 16*q - 27. Let a = 448 - 459. What is the thousands digit of k(a)?
1
Let c(p) = -p**3 + 4*p**2 - 4*p + 6. Let j be c(3). Let w = -9 + j. What is the tens digit of (56/(-6))/(1/w)?
5
Let a(x) = -x + 13. Let j be a(11). Suppose -4*i + 4*f + 3232 = 0, 0*f + 16 = 4*f. Suppose -i = j*q - 6*q. What is the hundreds digit of q?
2
Let p = 60 + -83. Let f = -53 - p. Let n = 65 - f. What is the tens digit of n?
9
What is the hundreds digit of (-2 - (-1231)/4)/((-48)/(-1920))?
2
Let j(t) = t**2 + 3*t - 12. Suppose 105 = 5*i - 60. Suppose 0 = 14*r - 37 - i. What is the tens digit of j(r)?
2
Let c be 8*(5 - (-2*2)/4). Let l = -54 + c. What is the units digit of (97/(-4) + 1)/(l/32)?
4
Suppose 4*y + 460 = s + 1281, -4*y = -3*s - 831. Let c = -95 + 136. Let w = c + y. What is the hundreds digit of w?
2
Let u(p) = 18*p**3 - p**2 + p + 2. Let m be u(-1). What is the tens digit of (-2*(-15)/m + -27)*-15?
3
Let f = -413 + 395. What is the hundreds digit of ((-18)/(-4) + -3)*(-5052)/f?
4
Let a be (-2)/(-4)*3*2. Let o be a + (33*-1)/(-3). What is the units digit of ((-8)/o)/((-10)/665)?
8
Let a be -31*(-44)/66*-1*3. Let n be (-10)/(-4) - 2 - 155/a. Suppose 2*y - n*x - 337 = 0, 3*y = 4*x + 507 - 1. What is the hundreds digit of y?
1
Let l be 2/(-15) - 2672/(-240). Suppose 5*a - l = -1. What is the units digit of (10 - a) + (-2)/(-2)?
9
Let p(c) = -3*c**2 + c + 4. Let o be p(4). Let k = -17 + 194. Let j = o + k. What is the hundreds digit of j?
1
Suppose -10*f + 8*f + 7412 = 2*i, f = -4*i + 14818. What is the units digit of i?
4
Let b be 14144/48 - (-3)/((-9)/5). Let t = b + 91. What is the units digit of t?
4
Suppose 0 = 2*w + 24 - 24. Suppose f = 2*c - c + 400, 2*c - 2 = w. What is the hundreds digit of f?
4
Let p = -5301 + 7448. What is the hundreds digit of p?
1
Suppose 226938 = 138*q - 1462460 - 734434. What is the hundreds digit of q?
5
Let v(q) = 119*q + 5*q - 31 - 19 + 7. What is the hundreds digit of v(3)?
3
Suppose 27*r + 50*r = 37*r + 571960. What is the units digit of r?
9
Let l = 0 - -12. Suppose 4*s = 8 + l. Suppose -3*u + 82 = -4*d, 10 = s*d - 3*d. What is the tens digit of u?
3
Suppose i = -5*r, 4*r = -65*i + 66*i. Suppose r = -9*w + w + 16272. What is the hundreds digit of w?
0
Let m be (-86)/(-11) + (-16)/(-88). Let y(x) = -x**2 + 7*x + 10. Let u be y(m). Suppose 0 = -u*s + s + 49. What is the tens digit of s?
4
Let b be (-1 + 3)*5/2. Let j(x) = 7*x - 27. Let i be j(b). Suppose 0 = -i*r + 2*r + 156. What is the units digit of r?
6
Let r(c) = c**2 + 16*c + 16. Let y be r(-11). What is the hundreds digit of (-19962)/(-39) - 6/y?
5
Let p be 15/(-20) + 3/4. Suppose p = -3*b - 10*b - 20657. What is the units digit of -1 - -1 - -1*b/(-7)?
7
Suppose 269*q = 264*q + 44010. What is the hundreds digit of q?
8
Suppose 2*z + 9 - 15 = 0. Suppose 2*t - z = -2997. What is the hundreds digit of 2/(-6) - t/9?
1
Suppose 108*v + 21372 = 121*v. Suppose 0*w - 3*w - 4*d + 2516 = 0, 4*d + v = 2*w. What is the tens digit of w?
3
Suppose -4*a + h + 25604 = 0, 19203 = 3*a - h + 2*h. What is the hundreds digit of a?
4
Let i(y) = 676*y**2 + 15*y + 73. What is the hundreds digit of i(-4)?
8
Suppose -52*n + 23*n = -32480. Let o be (0/2)/(0 - 2). Suppose o*a = 8*a - n. What is the tens digit of a?
4
Let g(s) = 97*s - 53. Let t be g(11). Let x = t + -695. What is the units digit of x?
9
Suppose 3667*x - 1510058 = 3645*x. What is the ten thousands digit of x?
6
Let o = 257 + -257. Suppose o = a - 11 - 46. What is the units digit of a?
7
Suppose 163450 = 121*h - 59*h - 48*h. What is the ten thousands digit of h?
1
What is the hundreds digit of (-3 - (-9)/2)*(-2354096)/(-46)?
7
Suppose 10*f = -406 + 56. What is the hundreds digit of (1 + -5)/(f/4025)?
4
Let d = -4709 - -11494. What is the tens digit of d?
8
Let x(j) = 124*j**2 + 205*j + 2747. What is the hundreds digit of x(-13)?
0
Let j(x) = -x**3 - 12*x**2 + 3*x + 10. Let f(y) = -y**3 - 12*y**2 + 2*y + 11. Let m(n) = -4*f(n) + 3*j(n). What is the units digit of m(-8)?
4
Let m be (-17)/(68/(-4200)) - -3. Suppose 4*b + m = 3*l, -2*l - 4*b = -0*l - 702. What is the hundreds digit of l?
3
Suppose -4*v - 5*g - 425 = -12105, 14583 = 5*v + 2*g. Suppose -6*s + s - v = 0. What is the tens digit of s/(-9) + 4/18?
6
Suppose -5*s - 3*v + 30037 = -v, -s + v = -6006. What is the hundreds digit of s?
0
What is the thousands digit of 190924/(-236)*(-4)/1?
3
Let t(y) = -y**2 + 6*y + 14. Let q be t(-2). Let k(a) = -144*a - 2. What is the hundreds digit of k(q)?
2
Suppose 67*o - 916790 = 18*o. What is the hundreds digit of o?
7
Let h be (7/(-14))/((-1)/2)*1084. Let x = -548 + h. What is the units digit of x?
6
Let r(i) = 16*i + 24. Let u be r(-4). Let g = -110 - u. Let x = 125 + g. What is the tens digit of x?
5
Let o(r) = -176*r - 1544. What is the thousands digit of o(-51)?
7
Suppose -8*u = 6*u - 701285 + 175627. What is the thousands digit of u?
7
Let p(m) = -m**2 - 46*m + 8. Suppose -26 = -11*v - 444. What is the hundreds digit of p(v)?
3
Let x(o) = -2*o**2 + 6*o**2 - 10*o**2 - o**3 - 12*o**2 + 12 - 8*o. What is the units digit of x(-18)?
6
Suppose -27*n + 992317 = 8*n + 69717. What is the hundreds digit of n?
3
Suppose -p + 17454 + 24634 = -4*u, 42053 = p + 3*u. What is the hundreds digit of p?
0
What is the hundreds digit of -13873*2/(1 - 3) - (0 - -1)?
8
Suppose 106877 = 43*y - 154778. What is the units digit of y?
5
Suppose -20*z + 32*z + 12332 - 186560 = 0. What is the hundreds digit of z?
5
Let s(d) = d**2 + 3*d - 42. Let z be s(0). Let g = z - -46. Suppose l = -g*l + 2*a + 1235, -5*a + 274 = l. What is the units digit of l?
9
Let a(o) be the second derivative of -27*o + 1/3*o**3 - 25/2*o**2 + 0 + 1/4*o**4. What is the tens digit of a(7)?
3
Suppose -5*s + 20 = 5*t, 3*s + 4*t - 19 = -2*s. Let i(a) = 3*a + 4*a**2 - 5 + 0*a**3 - s*a - a**3. What is the units digit of i(3)?
4
Let d(n) = 7602*n - 3939. What is the hundreds digit of d(4)?
4
What is the hundreds digit of 2/28*(-3 + 17)*7269?
2
Let t(h) = -125*h - 205. Suppose -5*k = 5*y + 45, -18*y = 2*k - 21*y + 8. What is the hundreds digit of t(k)?
6
Suppose -2*s = 2*m - 22, 2*m - m - 41 = -3*s. Suppose 0 = 19*w - 16*w - s. Suppose -5*b = -0*b - 25, 205 = w*x - 5*b. What is the tens digit of x?
4
Let l be ((-9)/(-15))/(2/130). Let w be (92 - -2) + l/13. Let r = w - 17. What is the tens digit of r?
8
Let r = 43 + -14. Let m(s) = -r + 28 + 3*s + 6*s**2 - s**2. What is the tens digit of m(-3)?
3
Let a = 16617 - 29807. What is the hundreds digit of a/(-30) - (-1 - -3)/(-6)?
4
Suppose 2*r - 2*g - 12 = 0, -g - 2*g - 12 = -r. Suppose -r*i + 32 = -2*w - 4*i, 2*w + 32 = 3*i. What is the units digit of (1 - -55) + 4/w*4?
5
Suppose -5*k - 91 = -3*x, -5*k = -5*x 